+ x - 2. Let f be k(-3). Suppose -f*r - r = -10. Suppose -7*a + 2*a = -25. Calculate the remainder when a is divided by r.
1
Let n(b) = -b**2 - 14*b + 15. What is the remainder when n(-9) is divided by 9?
6
Let g = 38 - 19. What is the remainder when g is divided by (897/(-6))/(-13) - 1/2?
8
Let d(z) = -z**3 + 2*z**2 + 9*z + 2. Calculate the remainder when 22 is divided by d(4).
4
Suppose -32 - 25 = -m. What is the remainder when m is divided by 15?
12
Suppose 15*x - 13*x = 16. Let l(h) = h**2 - 4*h - 7. Calculate the remainder when x is divided by l(6).
3
Suppose 0 = -5*k - 4*x - 302, x = -2*k - x - 120. Let v = 6 - 48. Let w = v - k. What is the remainder when w is divided by 7?
6
Calculate the remainder when 52 - (-1 - 2/(-1)) is divided by 18.
15
Let z be (1/(-1) - 0) + -9. Let c = z + 16. What is the remainder when 10 is divided by c?
4
Let l = 0 + 0. Suppose p + l = 7. Suppose r = 5*u - 21, 2*u + 3 = -r + 17. Calculate the remainder when p is divided by r.
3
Let g(p) = p**2 - p - 2. Suppose 3*k - 4*k + 2 = 0. Let b(i) = 2*i - 2. What is the remainder when g(3) is divided by b(k)?
0
Let q = 1 + -2. What is the remainder when q/1*12/(-6) is divided by 2?
0
Let z be 1/5 + 28/10. Suppose 8*g = 3*g + 250. Suppose -g = -z*y + 4*b, 0*b - 3*b + 35 = 5*y. What is the remainder when 27 is divided by y?
7
Suppose -3*f - 46 = -5*f. Let x = 9 + -1. What is the remainder when f is divided by x?
7
Let s be -2 - (15/(-3) + 0). Suppose 6*u - s*u - 78 = 0. Calculate the remainder when u is divided by 9.
8
Let h(d) be the third derivative of d**5/30 + d**4/3 + d**3/2 - d**2. What is the remainder when (-28200)/(-760) + (-4)/38 is divided by h(-5)?
11
Suppose -5*w = 2*n - 3*n - 261, -5*w + 285 = 5*n. Suppose -20*c + 54 = -17*c. What is the remainder when w is divided by c?
17
Suppose -5*o - 5 = -6*o. Let a = 55 - 37. Calculate the remainder when a is divided by o.
3
Suppose -3*g - 2*g + 25 = 0. Suppose 2*t - t + 3 = g*s, s = 4*t - 7. Calculate the remainder when 3 is divided by t.
1
Let c = 14 + 4. Suppose 5*n - 14 = 4*l, 10 - 1 = -5*l + 2*n. Let z = c - l. What is the remainder when z is divided by 10?
9
Suppose q - 1 - 3 = 0. Suppose l + q*l - 100 = 0. Calculate the remainder when 59 is divided by l.
19
Suppose -18 + 66 = 4*u. What is the remainder when 39 is divided by -1 + 0 + -1 + u?
9
Suppose 5*h + 2*q = 16, 3*h + q + q - 12 = 0. Suppose 0*o + h*o - 16 = 0. Calculate the remainder when o is divided by 5.
3
Suppose -2*q - 5*v = -11 - 8, 6 = -3*q + 4*v. Suppose -3*m - 4*y = -q*m - 24, 4*m - 51 = -y. Calculate the remainder when 35 is divided by m.
11
Let j(u) = -2*u**3 + 2*u**2 + 2. Let d be j(2). Suppose 20 = 5*i, -3*i - 1 = 5*t + 2. Let v = t - d. What is the remainder when v is divided by 2?
1
Suppose 0 = -4*g + 2 + 14. Let l(m) = m - 6*m + 3*m + 2 + m**2. Calculate the remainder when l(4) is divided by g.
2
Let h = -6 + 42. What is the remainder when 139 is divided by h?
31
Suppose 2*z - 114 = -z. Let p = -24 + z. Calculate the remainder when p is divided by 5.
4
Calculate the remainder when 71 is divided by (-1 - -37)*(0 - -1).
35
Calculate the remainder when (-1)/((-1430)/475 + 3) is divided by 32.
31
Calculate the remainder when 78 is divided by 4 + (-1 - 3 - -20).
18
Let p = 18 + 14. Calculate the remainder when p is divided by 9.
5
Let d(u) = -u**3 - 14*u**2 - 2*u - 8. What is the remainder when ((-395)/15)/((-1)/3) is divided by d(-14)?
19
Let y be (-156)/9*9/6. Let i be (-2)/(-11) + y/22. What is the remainder when 26 is divided by 2 + i/(3/(-36))?
12
Let i(j) = -j**3 - 9*j**2 - j + 26. Calculate the remainder when 67 is divided by i(-9).
32
Let l = 55 - 27. What is the remainder when l is divided by 10?
8
Let v(b) = 7*b**2 + b. Let x be v(-1). Let t = 18 - x. Calculate the remainder when t is divided by 7.
5
Let o = 34 - 19. What is the remainder when -87*(-4)/((-12)/(-1)) is divided by o?
14
Let f(p) = 3*p**3 - 3*p**2 + p + 1. Let c be f(2). Let l = c - 6. Calculate the remainder when l is divided by 5.
4
Suppose 0 = -2*z + 19 - 205. Let x be (0 + z/6)*-2. Suppose 0 = 5*o - 3*k - 112, -x = -2*o - 2*k + 17. What is the remainder when 45 is divided by o?
22
Let w = 1 - 6. What is the remainder when 41 is divided by 11 + (-3 - -1 - w)?
13
Suppose -y - 10 = -3*y. Let d = -10 + 65. Suppose y = -2*x + d. What is the remainder when x is divided by 13?
12
Suppose -3*q + 216 = 5*q. What is the remainder when q is divided by 14?
13
Let c(s) = s**3 + 9*s**2 - 5*s + 13. Calculate the remainder when c(-9) is divided by 12.
10
Suppose -3*g = 2*g + 5*c - 215, -c - 1 = 0. Calculate the remainder when g is divided by 9.
8
Let d(i) = -3*i - 7. Suppose -5*v = -v - 20. Calculate the remainder when d(-5) is divided by v.
3
Suppose 49 = 8*j - j. Calculate the remainder when 26 is divided by j.
5
What is the remainder when 47 is divided by (20/3)/((-4)/(-6))?
7
Suppose -b - 2*b + 5*g = -33, -2*b + 15 = -g. Suppose -4*a + 58 + b = 0. Suppose 3*r - 5*r = -a. Calculate the remainder when 23 is divided by r.
7
Let w = -21 - -48. Let z = 37 - w. Suppose -5*h + 8 = -22. What is the remainder when z is divided by h?
4
Suppose 0 = 2*n + 42 - 2. Let x = n + 34. What is the remainder when 26 is divided by x?
12
Suppose -3*g = -5*g. Let o(t) = -t + 92. Let y be o(g). Let i = y + -51. What is the remainder when i is divided by 11?
8
Suppose -3*a - 4 = -4*m + 12, 5*m + 2*a - 20 = 0. Suppose 2*c = -3*s + 26 - 0, -2*c = m*s - 28. What is the remainder when c is divided by 6?
4
Let t = -29 + 33. What is the remainder when 17 is divided by t?
1
Let d(v) = v**3 - 8*v**2 + 11*v - 9. Let o be d(7). Suppose 80 = -5*m - 5*a, -2*a - 16 = m + 1. Let w = o - m. Calculate the remainder when w is divided by 12.
10
Suppose 0 = -5*b + 3 + 7. What is the remainder when (b - -1)/((-1)/(-19)) is divided by (5*-1)/(3/(-12))?
17
Let b = -2 - -2. What is the remainder when 22 is divided by b/4 + 8 + 0?
6
Let s be (-1278)/15 + 2/10. Let q = -55 - s. Suppose -5*w - 2*o + 75 = 0, -2*w - 6*o + o = -q. What is the remainder when 44 is divided by w?
14
Let l(y) = y**2 - 4. Let m be l(-3). Suppose -m - 21 = -2*g. Let p = g - -15. What is the remainder when p is divided by 15?
13
What is the remainder when (0 - -1)/(((-20)/4)/(-5)) is divided by 1?
0
Let l be 19/(-3) + (-4)/6. Let z(u) = -8*u + 8. Let p be z(l). Suppose -14 = 5*t - p. What is the remainder when 18 is divided by t?
8
Suppose -5*w + 3 + 12 = 0. What is the remainder when 11 is divided by w?
2
Suppose 0 = 9*t - 0*t - 72. Suppose -3*j + 2*q + 60 + 3 = 0, -5*q - 84 = -4*j. What is the remainder when j is divided by t?
5
Let z be 10/4 + 2/(-4). Suppose -s - 5*c = -0*c + z, -2*s = 5*c - 11. Calculate the remainder when 36 is divided by s.
10
Suppose -4*f + 27 = t, 5*t - 4*f - 69 = -2*f. Let z = -9 - -51. What is the remainder when z is divided by t?
12
What is the remainder when (-3)/((2/3)/(-2)) is divided by 6?
3
Let m = -6 + 9. Let q = m + 4. Suppose -60 = -q*l + 2*l. Calculate the remainder when l is divided by 7.
5
Let l be (-1 - (2 + -3))/(-1). Let a be 4/14 - 160/(-28). Suppose l = d + a - 18. Calculate the remainder when 22 is divided by d.
10
Let g be 0/(-2) - 0/(-1). Suppose -h - 2*h = g. Suppose 0 = -5*o - z + 31, h*o - 2*z = -o + 15. Calculate the remainder when o is divided by 4.
3
Suppose 1 = 2*a - 23. Calculate the remainder when 59 is divided by a.
11
What is the remainder when 17 is divided by (9/2)/(1/2)?
8
Let i(k) = 2*k**2 - 4*k + 2. Let y be i(4). Let t = 4 - 10. Let o = t + y. What is the remainder when 23 is divided by o?
11
Let i(c) = c**2 - 4*c - 4. Calculate the remainder when (25/(-4))/(2/(-16)) is divided by i(-3).
16
Let z(d) = d**3 + 8*d**2 - 10*d + 14. Calculate the remainder when z(-9) is divided by 6.
5
Let u be 14*((-21)/(-3) - 2). Suppose -g + 2*o = 4*g - u, o - 56 = -4*g. What is the remainder when g is divided by 5?
4
Suppose -2*z + r + 72 = 0, -111 = -4*z - 3*r + 13. Let u = 6 - 4. Suppose 0 = w - u - 10. Calculate the remainder when z is divided by w.
10
Let j = 1 + 16. Suppose 3*q + j = 4*q. Calculate the remainder when 33 is divided by q.
16
Suppose 3*c - c = -24. Let a = 2 - c. Suppose -3*n = -13 - a. Calculate the remainder when 26 is divided by n.
8
Let b(u) = -u**3 - 8*u**2 - 11*u - 25. What is t